302. Let f be x(-10). What is the highest common divisor of i and f?
6
Let j(d) = -4*d + 9*d + 62 - 62 + 4*d**2. Let n be j(-4). What is the highest common divisor of 110 and n?
22
Suppose -10842 = -26*v + 5980. Let x = 656 - v. Let d(h) = -h**3 + 5*h**2 + 5*h + 7. Let j be d(6). What is the greatest common factor of j and x?
1
Suppose -11*l = 2*q - 8*l - 87, 2*l = -2*q + 88. Let t(g) = -g**2 + 10*g - 1. Let s be t(7). What is the greatest common factor of s and q?
5
Let n(c) = 4*c**2 - 2*c - 275. Let j be n(-19). Calculate the greatest common factor of 68 and j.
17
Let r = -20213 + 27306. Calculate the highest common factor of 173 and r.
173
Suppose 3379*z = -3*v + 3380*z + 1862, 0 = -4*v - 2*z + 2486. What is the greatest common divisor of 529 and v?
23
Let s(u) = -16*u**3 + u**2 - u - 2. Let z(q) = -q**3 - 6*q**2 - 6*q + 3. Let i be z(-2). Let n be s(i). Calculate the greatest common factor of n and 464.
16
Let n(b) = -109*b + 24 + 0 + 108*b. Let r be n(-6). Calculate the greatest common divisor of 10 and r.
10
Let r(w) = 2*w**2 - 21*w - 8. Let y be r(11). Suppose -4*l = -b + 3*b - 22, 4*b - 11 = y*l. Suppose b = t - 0. Calculate the greatest common factor of 40 and t.
5
Let n be (14 - -1)*100/15. Let v(w) = -6*w**3 + 8*w**2 + 12*w + 4. Let u be v(-2). Calculate the greatest common divisor of n and u.
20
Let p = -18134 - -18171. Calculate the greatest common factor of 4477 and p.
37
Let k(o) = -5*o**3 + o**2 - 3*o + 2. Let x be k(2). Let j = x - -124. Let p = -1352 + 1364. What is the greatest common divisor of p and j?
12
Let z be -3 - 9/(9/(-16)). Let p(x) = 6*x - 16. Let f(n) = -n + 1. Let l(r) = 5*f(r) + p(r). Let y be l(z). What is the greatest common factor of 4 and y?
2
Let z be (((-10108)/(-190))/(-14))/((-1)/5). Calculate the highest common divisor of z and 817.
19
Let x = 3540 - 2810. Calculate the greatest common factor of 20 and x.
10
Suppose 0 = -5*t - 20, -3*y - t + 1 + 67 = 0. What is the greatest common factor of 216 and y?
24
Suppose -9*t + 5*t = 6*t. Suppose t = -12*s - 11 + 119. Let h = 14 - -4. What is the highest common divisor of h and s?
9
Let m = 6382 - 6380. Calculate the highest common divisor of m and 124.
2
Let w be (-2)/5 + 132/30. Suppose -w*k = 2*k - 6. Let i be (-3 + k)*-1 - (-11 + -2). What is the greatest common divisor of i and 120?
15
Let o(v) = -47*v - 60. Let i be o(-3). Let m = 141 - i. Let d(z) = 5*z**2 - 4*z + 3. Let j be d(2). Calculate the greatest common divisor of j and m.
15
Let r be 69 + (-4)/(12/9). Let g = r + -63. Let f = 29 + -2. What is the greatest common factor of g and f?
3
Let i(u) = -10*u + 71. Let s be i(-16). Let f = s - 129. Calculate the greatest common factor of f and 255.
51
Let y be (-3)/((-18)/22)*(-4 + 7). Suppose -q - 814 = -4*u + 2*u, -4*u - 2*q + 1628 = 0. Calculate the greatest common factor of y and u.
11
Let m(n) = n**3 - 88*n**2 - 276*n + 336. Let l be m(91). Calculate the highest common divisor of 1008 and l.
63
Let h be ((-4)/(-3))/((-10)/(-1050)). Let a = h + -42. Calculate the greatest common divisor of 14 and a.
14
Suppose 34*h - 2084 = 2846. What is the highest common divisor of 1885 and h?
145
Let l(x) = 88*x**3 + x - 1. Let b be l(1). Let g be 4 - (6 - 10/2). Suppose g*t = 21 + 12. What is the greatest common divisor of t and b?
11
Let v = -1690 - -2630. Suppose 13*h - v - 1400 = 0. Calculate the highest common divisor of 270 and h.
90
Suppose -69*n + 142 = -68*n. What is the greatest common factor of n and 2911?
71
Let g(p) = -67*p + 1. Let v be g(1). Let w be -203 + 0 - (116 - 115). Let c = v - w. What is the highest common factor of 46 and c?
46
Suppose -z + 11 - 8 = 0. Suppose 18*v = 123 + z. What is the greatest common divisor of 56 and v?
7
Suppose -6*q + 4*z = -1800, -q - 5*z + 942 = 2*q. Calculate the highest common factor of q and 112.
16
Let y(l) = l**2 + 14*l - 29. Let m be y(-17). Let h be (-44)/(-10)*-5*(-9)/6. What is the greatest common factor of m and h?
11
Suppose -16*b + 15*b = 884 - 3018. Calculate the highest common factor of 291 and b.
97
Suppose 126 = 32*a - 34. Calculate the greatest common factor of a and 205.
5
Let p(v) be the first derivative of -7*v**2/2 + 5*v + 27. Let w be p(8). Let o = w + 76. What is the greatest common divisor of 225 and o?
25
Let r(f) = 3*f**3 - 10379*f**2 - 9*f + 10363*f**2 + 6 - f**3. Let j be r(9). What is the greatest common factor of j and 87?
87
Suppose d - 157 = -389. Let r = -209 - d. What is the greatest common factor of r and 161?
23
Let b(p) = -2*p + 328. Let n be b(-36). Let m(r) = -2*r**3 + 3*r + 5. Let q be m(-3). Calculate the greatest common divisor of q and n.
50
Let v be 11 + -5 + 11127 + 6 + 0. What is the greatest common factor of 237 and v?
237
Suppose 2*s - 556 = -2*j - 2*j, 10*j + 2*s = 1372. Calculate the highest common factor of 10336 and j.
136
Suppose -4*p = -3*u + 298, -2*u + 773*p - 768*p = -208. Calculate the highest common factor of u and 47.
47
Suppose 759 - 470 = 294*f - 887. Calculate the highest common divisor of f and 4132.
4
Suppose 0 = -9*a + 11*a - 5530. Suppose 21*t = 133 + a. Calculate the highest common divisor of 6 and t.
6
Suppose -2*m - 354 = -3*c, -4*c = 3*m - 347 - 142. Let s = -7 - -12. Suppose 4*t = 8, -s*t + 14 + 56 = 4*z. Calculate the greatest common factor of c and z.
15
Let l(f) = -2*f + 32. Let m = -72 + 72. Let h be l(m). Calculate the greatest common factor of h and 4.
4
Let h(y) be the second derivative of -5*y**3/6 - 79*y**2 - 546*y. Let v be h(-34). Let n be 844/14 - 4/14. Calculate the highest common factor of n and v.
12
Let q(b) = 2*b + 10. Suppose -7*d + 21 = -0. Let s be q(d). Let h be ((-2)/(-1))/(2/4). What is the greatest common divisor of s and h?
4
Let w = -5427 - -11175. What is the greatest common factor of 12 and w?
12
Let c(j) = j**3 - 20*j**2 - 3*j + 11. Let r be c(21). Suppose r + 251 = 16*g. Let b be (-140)/g*12/(-7). What is the greatest common factor of 4 and b?
2
Suppose 3408 = -7*h - 5*h. Let n = h + 339. What is the greatest common factor of 10 and n?
5
Let f(d) = -2*d**3 - 9*d**2 + 11*d + 3. Let p be f(-6). Suppose 48*j - 180 = p*j. What is the highest common factor of j and 100?
20
Let a(s) = -7 + 8*s + 1 + 2*s + 13. Let b be (-3)/24 - (-50)/16. Let l be a(b). What is the highest common factor of l and 111?
37
Suppose -9*f = -17*f + 88160. Suppose 22*h - f = -1582. What is the greatest common factor of 39 and h?
39
Let d = -214 + 202. Let p be (66/4)/(-11)*d. What is the greatest common factor of p and 18?
18
Suppose 2*x = 90780 - 5119 - 12509. Calculate the highest common factor of x and 144.
144
Let o = 2251 + -1567. Let b = o + -372. What is the highest common factor of 72 and b?
24
Suppose g + 11 - 19 = 0. Suppose -7*c = -g*c + 120. Suppose 6*x + c = 11*x. Calculate the greatest common divisor of x and 60.
12
Let h(t) = 9*t**2 + 27*t + 29. Let d be h(-3). Let v = -265 - -323. Calculate the greatest common factor of v and d.
29
Let z be (-66)/(-8) + (18/24)/(-3). Let a(l) = -2*l**2 - 24. Let q be a(z). Let v = q - -222. What is the greatest common factor of 14 and v?
14
Suppose 1031*x + 1196 = 1077*x. Let q(y) = y**3 + 5*y**2 + 2*y + 1. Let d be q(-3). What is the greatest common divisor of x and d?
13
Suppose 29*m = 60*m - 44*m + 21177. What is the greatest common divisor of m and 18?
9
Let u = 3811 - 3538. What is the greatest common divisor of u and 1281?
21
Let x = 475 + -439. Suppose -x = -2*o + 4*z - 12, 5*o - 27 = -z. What is the highest common factor of o and 26?
2
Let c = 29 + -24. Suppose 211 = c*v - r - 2*r, -5*v + 2*r = -209. Suppose -w - 2259 = -6*w - 4*z, 2*z = 2. What is the highest common factor of v and w?
41
Let g = -4685 + 5429. What is the greatest common factor of g and 420?
12
Let p(d) = -d**3 + 9*d**2 + 3*d - 93. Let g be p(7). Suppose -k - 275 = -g*k. Calculate the highest common factor of 858 and k.
11
Suppose -w - 51 = -2*w. Let s(y) = 9*y**2 - 43*y + 117. Let x be s(9). Calculate the highest common divisor of x and w.
51
Let a be 6 + ((-3)/(-6))/((-3)/6). Suppose z + 940 = 5*m, 9*m + a*z - 910 = 4*m. What is the greatest common divisor of 34 and m?
17
Let v(z) be the first derivative of z**4/2 + z**3/3 + z**2/2 + 30*z + 159. Let b be v(0). What is the highest common divisor of 50 and b?
10
Suppo